06?
2294
Calculate the remainder when 6230071 is divided by 2717.
2707
Calculate the remainder when 517389 is divided by 1425.
114
Calculate the remainder when 13288 is divided by 43.
1
What is the remainder when 42881827 is divided by 383?
381
What is the remainder when 18300920 is divided by 16?
8
What is the remainder when 9804114 is divided by 925?
39
Calculate the remainder when 50845 is divided by 3039.
2221
What is the remainder when 86466 is divided by 86267?
199
Calculate the remainder when 159094 is divided by 226.
216
What is the remainder when 244275 is divided by 120168?
3939
What is the remainder when 161593 is divided by 353?
272
Calculate the remainder when 65388 is divided by 6530.
88
What is the remainder when 85194206 is divided by 1012?
1010
Calculate the remainder when 14469736 is divided by 1446973.
6
What is the remainder when 453872 is divided by 1077?
455
Calculate the remainder when 493280 is divided by 13325.
255
What is the remainder when 27648583 is divided by 642990?
13
Calculate the remainder when 47363 is divided by 47204.
159
What is the remainder when 1101941 is divided by 2811?
29
What is the remainder when 3668 is divided by 2781?
887
What is the remainder when 2571054 is divided by 1285521?
12
Calculate the remainder when 146821 is divided by 144090.
2731
What is the remainder when 2471805 is divided by 308974?
13
What is the remainder when 137223 is divided by 1163?
1152
Calculate the remainder when 604054 is divided by 50332.
70
Calculate the remainder when 35043 is divided by 2361.
1989
Calculate the remainder when 568428 is divided by 56441.
4018
What is the remainder when 132750 is divided by 17891?
7513
Calculate the remainder when 26477168 is divided by 294190.
68
Calculate the remainder when 289518 is divided by 441.
222
What is the remainder when 659308 is divided by 1911?
13
What is the remainder when 500386 is divided by 2995?
221
Calculate the remainder when 10611416 is divided by 22.
2
Calculate the remainder when 366906 is divided by 1977.
1161
What is the remainder when 473783 is divided by 493?
10
Calculate the remainder when 750078 is divided by 28.
14
What is the remainder when 248202 is divided by 124055?
92
Calculate the remainder when 1417069 is divided by 235.
19
What is the remainder when 1087682 is divided by 1087667?
15
Calculate the remainder when 1758797 is divided by 1758760.
37
What is the remainder when 139911 is divided by 69471?
969
What is the remainder when 8784335 is divided by 254?
253
Calculate the remainder when 340060 is divided by 9442.
148
Calculate the remainder when 1337750 is divided by 2696.
534
What is the remainder when 494352 is divided by 18309?
9
Calculate the remainder when 46136357 is divided by 318.
281
What is the remainder when 32262 is divided by 10752?
6
Calculate the remainder when 9157080 is divided by 866.
862
What is the remainder when 17612 is divided by 929?
890
What is the remainder when 2840269 is divided by 50?
19
What is the remainder when 77003 is divided by 10958?
297
Calculate the remainder when 2125988 is divided by 10.
8
Calculate the remainder when 123661229 is divided by 737.
736
Calculate the remainder when 4859437 is divided by 2501.
2495
Calculate the remainder when 11919 is divided by 300.
219
Calculate the remainder when 37164854 is divided by 357.
83
What is the remainder when 29490 is divided by 7330?
170
Calculate the remainder when 5387 is divided by 247.
200
Calculate the remainder when 821077 is divided by 1914.
1885
What is the remainder when 7984520 is divided by 266?
264
What is the remainder when 581710 is divided by 64634?
4
What is the remainder when 21835495 is divided by 81?
1
What is the remainder when 133932 is divided by 722?
362
What is the remainder when 1595883 is divided by 531494?
1401
Calculate the remainder when 22076465 is divided by 17.
10
What is the remainder when 1540226 is divided by 25241?
525
What is the remainder when 1287560 is divided by 321877?
52
What is the remainder when 171698 is divided by 85781?
136
What is the remainder when 758864 is divided by 4080?
4064
What is the remainder when 117445 is divided by 16767?
76
Calculate the remainder when 85526 is divided by 14181.
440
Calculate the remainder when 13316431 is divided by 4.
3
Calculate the remainder when 47538027 is divided by 28.
19
What is the remainder when 2607162 is divided by 3773?
19
Calculate the remainder when 19611031 is divided by 45607.
21
Calculate the remainder when 123424 is divided by 2869.
57
What is the remainder when 610248 is divided by 448?
72
Calculate the remainder when 18610 is divided by 122.
66
What is the remainder when 189797139 is divided by 886?
877
What is the remainder when 29493 is divided by 12924?
3645
Calculate the remainder when 249211 is divided by 20420.
4171
What is the remainder when 46436 is divided by 1105?
26
What is the remainder when 85943 is divided by 1258?
399
What is the remainder when 18816362 is divided by 3269?
3267
Calculate the remainder when 2902415 is divided by 3476.
3431
What is the remainder when 311214149 is divided by 514?
513
Calculate the remainder when 8469089 is divided by 145.
74
Calculate the remainder when 1553310 is divided by 103548.
90
What is the remainder when 77442959 is divided by 335?
4
Calculate the remainder when 16372996 is divided by 16372992.
4
What is the remainder when 63363839 is divided by 6960?
6959
Calculate the remainder when 3514141 is divided by 22383.
10
Calculate the remainder when 48172 is divided by 1524.
928
What is the remainder when 1932001 is divided by 192?
97
Calculate the remainder when 3419827 is divided by 110317.
0
What is the remainder when 134294966 is divided by 14?
8
What is the remainder when 86964 is divided by 6588?
1320
Calculate the remainder when 421409 is divided by 46.
3
Calculate the remainder when 512576 is divided by 507.
506
Calculate the remainder when 27799707 is divided by 391.
389
Calculate the remainder when 210929 is divided by 1038.
215
Calculate the remainder when 37845527 is divided by 287.
272
Calculate the remainder when 35373938 is divided by 10.
8
Calculate the remainder when 1003445 is divided by 45603.
179
Calculate the remainder when 322324 is divided by 24217.
7503
What is the remainder when 20032 is divided by 1685?
1497
Calculate the remainder when 1218501 is divided by 243667.
166
Calculate the remainder when 777482 is divided by 155490.
32
Calculate the remainder when 1427400 is divided by 475182.
1854
What is the remainder when 3472240 is divided by 3471990?
250
Calculate the remainder when 468870 is divided by 116638.
2318
What is the remainder when 7548 is divided by 2951?
1646
Calculate the remainder when 1589509 is divided by 1413.
1297
Calculate the remainder when 1128991 is divided by 225517.
1406
What is the remainder when 4868114 is divided by 9?
5
What is the remainder when 7323915 is divided by 1830952?
107
What is the remainder when 1960589 is divided by 112?
29
What is the remainder when 84677696 is divided by 351?
350
Calculate the remainder when 47393557 is divided by 372.
13
What is the remainder when 7948874 is divided by 1693?
239
What is the remainder when 14507270 is divided by 273722?
4
What is the remainder when 79498 is divided by 160?
138
What is the remainder when 804783 is divided by 804691?
92
Calculate the remainder when 24236 is divided by 1132.
464
What is the remainder when 574052155 is divided by 352?
347
Calculate the remainder when 225043152 is divided by 56260788.
0
What is the remainder when 32134 is divided by 30579?
1555
What is the remainder when 4677510 is divided by 42?
12
Calculate the remainder when 4359 is divided by 2145.
69
Calculate the remainder when 86432554 is divided by 75.
4
Calculate the remainder when 41189 is divided by 17588.
6013
What is the remainder when 8600153 is divided by 150878?
107
What is the remainder when 1099617 is divided by 3984?
33
What is the remainder when 494250 is divided by 647?
589
What is the remainder when 67058221 is divided by 28768?
13
Calculate the remainder when 43830790 is divided by 16.
6
What is the remainder when 70326 is divided by 13174?
4456
What is the remainder when 22297413 is divided by 79919?
12
